1 - 5?
-333326
In base 9, what is -20041 - 4?
-20045
In base 4, what is 20322232 + -1?
20322231
In base 14, what is 73660 - 4?
7365a
In base 15, what is 268 + e86?
11ee
In base 14, what is 6d607 - -21?
6d628
In base 9, what is -32840 - -6?
-32833
In base 6, what is 1151504 + 11?
1151515
In base 4, what is 1321000231 - 10?
1321000221
In base 5, what is 3311 + 222?
4033
In base 9, what is 562503 - -2?
562505
In base 3, what is 22011210 - 1111?
22010022
In base 4, what is 110 + -31033?
-30323
In base 10, what is -54781 + 4?
-54777
In base 4, what is 13222213001 - 0?
13222213001
In base 4, what is -201 + -30003321?
-30010122
In base 5, what is -424400 + -14?
-424414
In base 5, what is 4324044010 + -10?
4324044000
In base 6, what is -254 + -11110?
-11404
In base 16, what is -bab2 - 2?
-bab4
In base 13, what is 1 + 1970?
1971
In base 9, what is -3 + -517576?
-517580
In base 11, what is -4 + -747a3?
-747a7
In base 16, what is -1 - 6968f?
-69690
In base 8, what is -4 - -221132?
221126
In base 2, what is -101100101001101 + -1?
-101100101001110
In base 5, what is 24034 + -20242?
3242
In base 5, what is 31411002 - -12?
31411014
In base 9, what is -28 + 282?
253
In base 3, what is 12 + 120120100?
120120112
In base 4, what is 1010 + 1132?
2202
In base 13, what is 6 - -55a7?
55b0
In base 2, what is 110000 + 110101110?
111011110
In base 5, what is -204 + -24240?
-24444
In base 15, what is -31d51 + 5?
-31d4b
In base 13, what is 3 - -81b?
821
In base 5, what is 12231220 + 11?
12231231
In base 9, what is -4480 + 10?
-4470
In base 2, what is -1111111 + 10110010?
110011
In base 4, what is 23201 + -100330?
-11123
In base 9, what is 1342 + -4350?
-3007
In base 3, what is 10000111000 - -2212?
10000120212
In base 5, what is 3041 + -14?
3022
In base 14, what is b1a6 - -a?
b1b2
In base 7, what is -456 + -5?
-464
In base 6, what is 510 - -122?
1032
In base 13, what is -6531 + 5?
-6529
In base 15, what is bc3 - -3?
bc6
In base 7, what is -5051 + 60?
-4661
In base 2, what is 11010110 - 1110100111000?
-1110001100010
In base 9, what is -2 - 504178?
-504181
In base 4, what is -13 - -1200010?
1133331
In base 8, what is 236655 + -2?
236653
In base 14, what is 103349b + 5?
10334a2
In base 5, what is 1342321 + 1?
1342322
In base 9, what is -10 + 2576?
2566
In base 8, what is 2 - -314242?
314244
In base 8, what is 3 + -223147?
-223144
In base 10, what is -63 - -9423?
9360
In base 4, what is 33 + -222231?
-222132
In base 11, what is -46649 - -5?
-46644
In base 7, what is 25110 + 1?
25111
In base 6, what is 34033323 + -3?
34033320
In base 10, what is -2 - 104355?
-104357
In base 3, what is 12211012 + 102121?
20020210
In base 2, what is 111011000 - 1001000101110?
-1000001010110
In base 8, what is 1 + -5211023?
-5211022
In base 6, what is 2 - -203552?
203554
In base 5, what is 232 - -230303?
231040
In base 4, what is 3 - -1211122?
1211131
In base 11, what is -1 + -79a1?
-79a2
In base 5, what is 23101420 - -4?
23101424
In base 9, what is 1708 - -561?
2370
In base 12, what is 16238 - -2?
1623a
In base 9, what is -4720 + 561?
-4148
In base 3, what is 200011000 - -11002?
200022002
In base 5, what is -2 + -11201301?
-11201303
In base 3, what is 1002221 - 2111110?
-1101112
In base 8, what is -1144543 + 1?
-1144542
In base 6, what is -5542 + -1?
-5543
In base 12, what is -105b1 - 2?
-105b3
In base 2, what is 101011011001111111001 + 10?
101011011001111111011
In base 8, what is 6 - 6637?
-6631
In base 6, what is 102 - -45132?
45234
In base 6, what is -303133100 - 3?
-303133103
In base 12, what is 8421 - -2?
8423
In base 14, what is -13 + -bc7b7?
-bc7ca
In base 4, what is -302 - 133202?
-200110
In base 2, what is -10000110110100100 - -10?
-10000110110100010
In base 9, what is 7633 - -20?
7653
In base 7, what is 2 + -364?
-362
In base 10, what is -598 - -100?
-498
In base 11, what is 154418 + 4?
154421
In base 7, what is -135056 + -55?
-135144
In base 15, what is 2441 + 14?
2455
In base 15, what is 5 - -4073d?
40743
In base 12, what is b195b + 5?
b1964
In base 2, what is -101010 - 10101110001010?
-10101110110100
In base 12, what is 2 + -655173?
-655171
In base 12, what is 5 + bba65?
bba6a
In base 5, what is -441043 - 12?
-441110
In base 13, what is -4 + 143c3?
143bc
In base 4, what is 1230 - 12320?
-11030
In base 3, what is 121 + -2100?
-1202
In base 3, what is -110 - 1121100112?
-1121100222
In base 14, what is -9 - 509?
-514
In base 11, what is 1aa32 - 4?
1aa29
In base 10, what is -529 - -130?
-399
In base 13, what is 9a8 - -291?
c69
In base 11, what is -107 - 2200?
-2307
In base 13, what is 11c66 - 0?
11c66
In base 13, what is -1bb31 - 7?
-1bb38
In base 16, what is 1812 - -2c?
183e
In base 14, what is -1 - 68da?
-68db
In base 12, what is 5067 + 54?
50bb
In base 2, what is 1010100111010 + -111010?
1010100000000
In base 11, what is -a5 + -4698?
-4792
In base 15, what is 344 + ca2?
10e6
In base 8, what is -1661 + -722?
-2603
In base 3, what is 22002 - -22102100?
22201102
In base 11, what is 0 - -133877?
133877
In base 7, what is 3166 - 3145?
21
In base 16, what is 556eb + 3?
556ee
In base 8, what is 0 - -13245?
13245
In base 9, what is 14488 - -20?
14518
In base 8, what is -3 + 206514?
206511
In base 6, what is 4 - 1202332?
-1202324
In base 3, what is -21 + -10201111012?
-10201111110
In base 6, what is 40 - -403?
443
In base 4, what is 3 + -13100133313?
-13100133310
In base 14, what is 1 - c043?
-c042
In base 4, what is 11321323 - 310?
11321013
In base 9, what is 1 + 373?
374
In base 6, what is 2100 + 42?
2142
In base 10, what is -5 + -37200?
-37205
In base 7, what is 0 - 2264415?
-2264415
In base 10, what is -5 - 10090?
-10095
In base 14, what is -9bd7 + 1?
-9bd6
In base 9, what is 0 - 1241?
-1241
In base 7, what is -2 + 15013?
15011
In base 4, what is -11 - -2113301?
2113230
In base 12, what is -2 - 36b0?
-36b2
In base 5, what is 2433432 + -4?
2433423
In base 16, what is -7 - -1d09d?
1d096
In base 4, what is -11021 - 1311?
-12332
In base 10, what is 13 + 81?
94
In base 9, what is 3 + -1681335?
-1681332
In base 15, what is -6806 + 1b?
-67da
In base 15, what is -16e22 + -3?
-16e25
In base 15, what is -2227 + 0?
-2227
In base 5, what is 23223434 + -1?
23223433
In base 6, what is -3213 - -1143?
-2030
In base 2, what is -1110001011010 + 10110?
-1110001000100
In base 10, what is 0 - -13563?
13563
In base 10, what is -7902 + -25?
-7927
In base 10, what is -1 + -4539?
-4540
In base 8, what is 2565 - -2245?
5032
In base 7, what is 1250 - 55?
1162
In base 12, what is 7 + 2b133?
2b13a
In base 2, what is 1010000000010101010 + 101?
1010000000010101111
In base 9, what is -240 - -1851?
1611
In base 4, what is 223100 - 20?
223020
In base 5, what is -4 + -10112422?
-10112431
In base 13, what is 92c + -19?
913
In base 13, what is 18 - 334c6?
-334ab
In base 14, what is -30 - -303?
2b3
In base 8, what is 273 - 1610?
-1315
In base 14, what is -ba45 + -6?
-ba4b
In base 14, what is -db12 + -33?
-db45
In base 10, what is -168 + 53?
-115
In base 8, what is -5 - 61771?
-61776
In base 12, what is -4727 + -5?
-4730
In base 9, what is -5 + -315653?
-315658
In base 2, what is 1000011101111100111 + 0?
1000011101111100111
In base 6, what is -4 + -23152255?
-23152303
In base 12, what is 18 + 19835?
19851
In base 6, what is -10 - -24420?
24410
In base 13, what is -2 + -152?
-154
In base 13, what is -197 + 109?
-8b
In base 5, what is -13120314 + -2?
-13120321
In base 3, what is 100 + -10111220?
-10111120
In base 6, what is 32322 - -130?
32452
In base 14, what is -80 + 280d?
276d
In base 6, what is 2 - -520514?
520520
In base 3, what is 20122012111 - 1?
20122012110
In base 8, what is -12072 - 42?
-12134
In base 9, what is -1643 - -106?
-1536
In base 2, what is -10010010 + -100000110?
-110011000
In base 13, what is -6314b + 3?
-63148
In base 2, what is -100 - 10000100101001100?
-10000100101010000
In base 10, what is 2506 + -931?
1575
In base 16, what is -402 + -177?
-579
In base 8, what is -1203 - -4?
-1177
In base 7, what is -141 - -30436?
30265
In base 3, what is 1 + -22002000102?
-22002000101
In base 3, what is 2110 - -12100111?
12102221
In base 16, what is 1c3d + -2?
1c3b
In base 3, what is 122011 + 12221?
212002
In base 2, what is 10001 + -11001100010010?
-11001100000001
In base 8, what is 20402767 - -4?
20402773
In bas